rime factors of d?
2, 3
Suppose 5*b = -20, -2294 = -2*r + 2*b + 308. List the prime factors of r.
1297
Let r be 2 + 5/((-20)/(-16)). Let g be (47*-2)/(-8 + r). Suppose -10 = -2*i, -5*i = -o + 3*o - g. What are the prime factors of o?
11
Let l(t) = 4*t - 3. Let w be l(3). Suppose -w = 3*j - 2*i - 47, 5*j - 30 = -5*i. What are the prime factors of (-2)/j - 662/(-10)?
2, 3, 11
Let j = -4093 + 7246. What are the prime factors of j?
3, 1051
Let f(b) be the third derivative of 61/6*b**3 + 0 + 0*b - 11*b**2 - 1/60*b**5 + 1/24*b**4. What are the prime factors of f(0)?
61
Suppose -19890 = -59*u + 33*u. List the prime factors of u.
3, 5, 17
Suppose -4*w - 22 = -3*g + w, 0 = -5*w - 10. Suppose -g*p = 2*n + p - 75, -3*n + 5*p = -175. Suppose -n = -2*t + 6. What are the prime factors of t?
2, 7
Let k(g) be the first derivative of 0*g**2 + 5/3*g**3 + 8 + 3*g. List the prime factors of k(-2).
23
Let s = 70 - 103. Let t = s + 80. List the prime factors of t.
47
Let a be ((-5)/((-100)/(-32)))/(6/(-45)). Suppose a = m + 3*m. What are the prime factors of m?
3
Let d = 17 + 13. Suppose d = w + 5. List the prime factors of w.
5
Suppose -z + 375 = -557. What are the prime factors of z?
2, 233
Let i(v) = -5*v + 2. Let m = -20 + 16. Let d be i(m). Let u = d + -13. List the prime factors of u.
3
Let v = 69 + -61. List the prime factors of ((-1)/(-3))/(v/2664).
3, 37
Suppose 3*k = -i - 9, 3*k + i - 3 = 4*i. List the prime factors of 70 + (-4 + 2)/k.
71
Let c(y) = 374*y**2 - 6*y - 3. Let s(a) = 188*a**2 - 3*a - 1. Let b(p) = -2*c(p) + 5*s(p). List the prime factors of b(1).
2, 5, 19
Suppose -2*p - 302 = -2*w, 0 = 4*w - 7*w - 3*p + 447. List the prime factors of w.
2, 3, 5
Suppose -5*y = -160 - 70. Suppose -3*x - 2*s + 1 = 56, -5*x + 2*s - 81 = 0. Let m = x + y. List the prime factors of m.
29
Suppose -3*a - 3*x = -7*a - 41, 30 = -3*a + 2*x. Let g(j) = j + 155 - 163 - 3*j. List the prime factors of g(a).
2
List the prime factors of 1 - 3*67/(-3).
2, 17
Let n = -251 - -173. What are the prime factors of 8/(-52) + (-3)/n*8012?
2, 7, 11
Suppose 0 = -5*n - 3*g - 0*g + 32, -n + 8 = g. Suppose 2 = -y, -n*v + 2*y = 6 + 2. What are the prime factors of ((-1)/v)/(9/837)?
31
Let c be 1 + 1392/3 + 0. What are the prime factors of c/9 - 8/(-6)?
53
Let c be 16/(4 - (2 - 0)). Let n(z) = 20*z + 30. List the prime factors of n(c).
2, 5, 19
Let o be (771/(-12)*2)/((-18)/36). Let m = o + -84. List the prime factors of m.
173
Suppose 4*x + 1726 = 2*o, -3*o + 6*x = 3*x - 2574. What are the prime factors of o?
853
Suppose -8*z + 11155 = 3339. What are the prime factors of z?
977
Let s(q) = -q**2 + 11*q + 23. Let k(n) = -n**2 + 19*n - 23. Let d be k(17). List the prime factors of s(d).
23
Suppose 3*d = -8*d + 44. Suppose 0 = -a + d*c + 29, -2*a = 4*c - 3*c - 13. What are the prime factors of a?
3
Let x(a) = a + 25. Let f = 10 + -4. Suppose -f*b - 13 = 59. What are the prime factors of x(b)?
13
Let t(k) = 7*k - 2. Let i(n) = n. Suppose -5*v - 5 + 10 = 0. Let j be i(v). List the prime factors of t(j).
5
Let b(m) be the second derivative of -2*m**3/3 - 11*m**2 - 14*m. What are the prime factors of b(-7)?
2, 3
Suppose -8*u + 12*u + 5*r - 4480 = 0, -u = 4*r - 1109. List the prime factors of u.
3, 5
Let t(p) = p**3 + 17*p**2 + 12*p - 21. Let y be t(-16). Suppose 2*j + 7 = y. List the prime factors of j.
2, 3
Suppose -3 - 23 = -i - 5*y, i - 31 = -4*y. Let k = i - 31. Let o = 31 - k. What are the prime factors of o?
11
Suppose 0 = 5*v - 243 - 827. List the prime factors of v.
2, 107
Let q be (2 - 1)*(-15 - -4). Let v = q + 13. What are the prime factors of (-44 + (5 - v))*-1?
41
Let g(m) = -2*m + 2*m - m - 6*m**2 - 3*m**2. Let r be g(2). List the prime factors of -3 - (2 + 0 + r).
3, 11
Suppose -5514 = -2*r - 11*d + 5*d, -5*r + 13728 = -4*d. What are the prime factors of r?
2, 3, 229
Let p(c) = -4*c + 86 - 2*c - 82. What are the prime factors of p(-8)?
2, 13
Let s = -1 - -20. Suppose 36 = -6*m + 12*m. Let c = s + m. List the prime factors of c.
5
Let g = -161 - -289. Let c = -61 + g. What are the prime factors of c?
67
Suppose 6 - 14 = -4*o. Suppose 5*a - o*a = -12. List the prime factors of 16/(a*(-1)/6).
2, 3
Suppose m = -5*b + 2*m + 4386, 3*m - 4382 = -5*b. What are the prime factors of b?
877
List the prime factors of -1014*1*((-18)/4 - -4).
3, 13
Let j(f) = 73*f**2 - 6*f + 16. List the prime factors of j(3).
5, 131
Suppose g - 54 = -23. Let w = 36 + g. What are the prime factors of w?
67
Suppose 0 = -3*z + a + 5, -5*z + 3 = 4*a + 6. Suppose 0 = -2*i - r + 2 + z, -4*i = -4*r - 24. Let t = i + 12. What are the prime factors of t?
3, 5
Let q = -22 - -26. List the prime factors of q*(-3)/6 - -77.
3, 5
Let u(y) = y**3 + 4*y**2 - 10*y - 19. Let f be u(-5). Suppose -f*w + 924 = 6*w. What are the prime factors of w?
7, 11
Suppose 13 - 10 = -w. List the prime factors of (-185)/w + 12/(-18).
61
Let d(j) = -j**2 - 3*j + 2. Let h be d(-2). Suppose 0*r = t - 2*r - 67, -h*r = 4*t - 292. List the prime factors of t.
71
Let f(k) = 2*k**2 + 75*k - 78*k + 0 - 5. Let b(g) = 6*g + 1. Let t be b(-1). List the prime factors of f(t).
2, 3, 5
Let j be 3/9 - 4/12. Suppose 134 - 37 = o - 3*n, j = -5*o - n + 437. Suppose -4*v + o = -5*u, 4*v + 3*u + 15 = 103. What are the prime factors of v?
2, 11
Suppose 0 = -4*w - 3*x + 284, -3*w + 5*x + 157 = -27. Suppose w + 45 = n - 2*j, 0 = -3*n - 5*j + 339. What are the prime factors of n?
113
Suppose 0 = -3*t - 0*t + 132. Let q = -23 + t. Suppose 17*r = q*r - 276. What are the prime factors of r?
3, 23
Let f(j) = j**2 - 4*j + 12. Let p(x) = -2*x**2 + 8*x - 23. Let q(y) = -11*f(y) - 6*p(y). Let m = 0 - -6. What are the prime factors of q(m)?
2, 3
Suppose -5*t - 2*x = -3*x - 1094, -4*t + 2*x + 880 = 0. List the prime factors of t.
2, 109
Suppose 3*d + 14 = -5*q, -4*d = -2*d - 4. What are the prime factors of (0 - -125) + (-16)/q?
3, 43
Suppose -c = 4*x - 691, -x = -c - 36 - 143. Let q = x + -104. List the prime factors of q.
2, 5, 7
Suppose -6*l + 3650 + 874 = 0. List the prime factors of l.
2, 13, 29
Let u = 10 + -6. Suppose v = 5, -u*k - 2*v + 101 = -201. What are the prime factors of k?
73
Let r(x) = x + 11. Let t be r(-10). Suppose -4*l + 5*p + 10 = 0, -2*l + 3 = -p + t. Suppose 2*h - 4 = 0, -5*g - h + 5*h + 12 = l. List the prime factors of g.
2
Suppose 2*z = -2*h + 14, -4*h + 2*z - 5 = -3*h. Let p(y) = -2*y - h - y**2 + 2*y**2 - y - y. What are the prime factors of p(-5)?
2, 3, 7
Suppose 5 = 2*z - 5, 16 = 3*h + 2*z. Let j(x) = -x**3 + 9*x**h - 8*x + 3 + 2 + 0. What are the prime factors of j(6)?
5, 13
Let y = 77 + -67. Suppose -5*w + y*w = 1520. List the prime factors of w.
2, 19
Suppose -4*i - 11 = -s - 0, 3*s - 19 = 5*i. List the prime factors of -1 - s - (-975)/13.
71
Suppose z - 2*l - 236 = 0, 3*z - 8*l + 3*l - 708 = 0. List the prime factors of z.
2, 59
Suppose 3*k + 5*i - 453 = 0, -4*k + 429 = 4*i - 183. Let q = k + -96. List the prime factors of q.
2, 3, 5
Let y = 223 - 114. List the prime factors of y.
109
Suppose -3*c + d = -17, 4*c + 2*d + 0 - 6 = 0. Suppose -p = c*p - 60. Suppose 3*f - 90 = s, -6*s = -2*s + p. List the prime factors of f.
29
Let o(y) be the second derivative of y**5/20 + 5*y**4/12 + y**3/2 + 3*y**2 + 434*y. Suppose -3 - 1 = i. What are the prime factors of o(i)?
2, 5
Let i = 3504 + -1030. List the prime factors of i.
2, 1237
Suppose 2*c + 2*c - 2*m - 22 = 0, 4 = 4*m. Suppose s - 6 = c. Let k = s + -2. List the prime factors of k.
2, 5
Let l(j) = 189*j - 126. What are the prime factors of l(12)?
2, 3, 7, 17
Let o(t) = t - 4. Let b be o(3). Let g be (-1)/(-2)*(-8)/b. Suppose -5*m + 20 = 5*w, 5*w - 2*m - 30 = g. What are the prime factors of w?
2, 3
List the prime factors of 2/(-8) - (-245469)/84.
2, 3, 487
Suppose -1040 - 1824 = -3*j + t, -4*j + 3808 = 4*t. What are the prime factors of (j/((-3)/1))/(-2)?
3, 53
Let d(g) = g - 2. Let o = -15 - -19. Let p be d(o). Suppose -86 = -4*w - p. List the prime factors of w.
3, 7
Let o(w) = w**3 - 7*w**2 + 13*w - 3. Let c be o(5). Suppose -c*l - 238 = -1906. What are the prime factors of l?
139
List the prime factors of (-15 - (-1054)/51)/(2/372).
2, 17, 31
Let z(o) = 53*o + 69. List the prime factors of z(15).
2, 3
Let d(z) = 36*z**2 - z - 2. Let j be (-3)/(-9) + 20/(-15). What are the prime factors of d(j